 be the second derivative of 11*l**3/6 - 23*l**2/2 + 1380*l. Determine w(3).
10
Let t(l) = 64*l + 6 + 6*l - 65*l. Determine t(-6).
-24
Let i(x) = -12*x**2 - 31*x - 7. Let h(p) = -p**2 - p + 3. Let s(y) = -11*h(y) + i(y). Determine s(-17).
11
Let k(j) = -j**3 + 5*j**2 + 5*j + 2. Let a(p) = p + 20. Let y be a(-30). Let n be 4/(-8)*y - -1. What is k(n)?
-4
Let v(d) = 3*d + 4. Let b be ((25/(-15))/5)/((-1)/6). Suppose b*r = 4*o - 7 - 5, 0 = 2*o + 4*r - 16. Calculate v(o).
16
Let h(s) = 3*s + 12. Let g(z) = 16*z + 60. Let x = -16 - -18. Let y(r) = x*g(r) - 11*h(r). Calculate y(0).
-12
Let j(v) = 2*v**3 + 4*v - 3. Let f(r) = r**3 + 14*r**2 - 33*r - 14. Let y be f(-16). Calculate j(y).
21
Let n(c) be the first derivative of -c**3 - 2*c - 3/2*c**2 - 2 - 3/4*c**4. Let d = -4892 - -4890. Give n(d).
16
Let t(y) = -y + 2. Let l(x) = -10 + 27*x - 46*x - 7*x**2 + 9*x**2. Let b(p) = p**3 + 2*p**2 - p - 4. Let n be b(2). Let j be l(n). Give t(j).
2
Let l(m) = -3*m. Let h(s) = -22*s - 11. Let k(n) = h(n) - 8*l(n). Give k(-3).
-17
Let p(v) = 1 - 4 + 4*v + 2. Suppose -8*k - 226 = -120 - 114. Determine p(k).
3
Let v(n) = 7*n**3 - 2*n**2 + 20*n - 20. Let u(p) = -3*p**3 + p**2 - 9*p + 9. Let k(s) = -5*u(s) - 2*v(s). What is k(1)?
0
Let o(y) = -2*y**2 - 10*y**3 + 2*y + 0*y**2 + 5*y**3 + 2936 - 2937. What is o(1)?
-6
Suppose -7*x - 5 = -19. Suppose n = -5*s + 26, 1 - 6 = -n + x*s. Suppose -m + j = 7, 2*m + 0*j = j - n. Let g(h) = -h - 7. What is g(m)?
-3
Let o(z) be the second derivative of -2*z**3 - 18*z**2 + 2737*z. What is o(-6)?
36
Let m(l) = -18*l + 1. Suppose -2*q = -5*q - 12, -n = -3*q - 23. Let a(k) = -k**3 - 6*k**2 - 4*k + 9. Let z be a(-5). Suppose n*v - z = 7*v. Determine m(v).
-17
Let g(o) = 65*o**2 + 17*o - 12. Let x(c) = 86*c**2 + 17*c - 12. Let y(p) = 4*g(p) - 3*x(p). Give y(-9).
-3
Let p(u) = -u + 11. Let l be p(9). Let s(v) = -148 + 291 + v**3 - 6*v**3 + 0*v + 2*v**2 + v**3 - 140 - 3*v. What is s(l)?
-27
Let p(l) = 35*l**2 + 19*l - 6. Let q(m) = -13*m**2 - 6*m + 4. Let w(i) = 3*p(i) + 8*q(i). What is w(-9)?
14
Suppose 16*v = 13*v + 15. Let u be v - (-3 - (-3 + 0))/(-2). Let m(a) = -335*a**2 + u*a + 2 - 2 + 334*a**2. Calculate m(6).
-6
Let r be ((90/(-8))/(-5) + -3)/((-3)/8). Let c(z) be the first derivative of -7*z + 1/2*z**r + 20. What is c(8)?
1
Let h(u) = -u**3 + 4*u**2 - 2*u. Let n(w) = 123*w - 25. Let g be n(3). Suppose 4*q = -g + 356. Calculate h(q).
3
Let v(z) = -z**2 - 8*z - 13. Suppose 5*a + 5*r + 30 = 0, 13*a - 2*r + 16 = 11*a. Give v(a).
-6
Let g(n) be the third derivative of 68 + 1/24*n**4 + 3*n**2 + 0*n - 5/3*n**3. What is g(8)?
-2
Let r(z) = z**3 - 6*z - 6. Suppose -5*x - o - 21 = -0*x, 4*o = -2*x + 6. Determine r(x).
-101
Suppose 2*m - 12 = 5*m. Suppose -2*w + 6 = -0. Let l(d) = -17*d**w - 4*d + 4*d**2 + 18*d**3 + 5 - 4. Calculate l(m).
17
Let g(a) = a**2 - 2*a - 7. Let c be (4/(-10))/(-1*1/70). Suppose -2*p = 3*v - 6*p - c, 3*v + p = 8. What is g(v)?
1
Let o(m) = -2*m + 0*m + 0*m. Let i(p) = 488*p - 24887. Let z be i(51). Calculate o(z).
-2
Let n(b) = 5*b + 19 - 11 + 1 - 19. What is n(1)?
-5
Let f = 11 - 16. Let i(h) be the second derivative of 0 + 5/6*h**3 - 25*h + 1/20*h**5 + 1/2*h**4 - 1/2*h**2. Calculate i(f).
-1
Let l(k) = -k**3 - 7*k**2 + 6*k - 10. Let h be (-34)/(4/(-2)) + 3*-1. Let j be (-2)/(-7) - (1 + (-234)/h). Suppose j = -3*a + a. Determine l(a).
6
Let k(j) be the first derivative of -j**4/12 + 5*j**3/3 - 3*j**2/2 + 55*j + 208. Let m(y) be the first derivative of k(y). Determine m(8).
13
Let v(m) be the first derivative of 155*m**2/2 + 2*m + 6998. What is v(1)?
157
Suppose 3*l - 5 = 31. Let m(z) = -4 + 7 - z + 2*z - 7 - l. Give m(-12).
-28
Let q(o) = -6*o**2 - 7*o - 2. Let n(z) = 5*z**2 + 6*z + 2. Let w(j) = -5*n(j) - 4*q(j). Suppose -12*x + 4*k - 29 + 25 = 0, 3*x - 2*k = 4. Give w(x).
-2
Let i = -4273 - -4281. Let v(k) = 2*k**2 - 16*k - 5. What is v(i)?
-5
Let c be ((-10)/4 + -4)*-2. Let u(g) = -g + 15. Let k be u(c). Let h(r) = 2*r**3 + r**2 + 1. Give h(k).
21
Let h(j) = -2*j**3 + 8*j**2 + 63*j - 5. Let t be h(-4). Let c(b) = -7*b**2 + 3*b + 1. What is c(t)?
-9
Let p(h) be the second derivative of -h**4/6 - 9*h**3/2 - 17*h**2/2 + 1316*h + 2. Calculate p(-13).
-4
Let u(z) be the first derivative of 3*z**2/2 + 19*z - 429. What is u(0)?
19
Let r be -10 + (-15 + 105)/6. Let d(w) be the third derivative of 1/60*w**r + 7/24*w**4 + 0*w**3 - 20*w**2 + 0 + 0*w. Calculate d(-6).
-6
Let o(k) = -k**3 - 6*k**2 + 15*k - 2. Let q be o(-8). Let l(j) = -q*j**2 + 2*j**2 + 5*j**2 - 5*j + j + 1. Let c be (-6)/27 + (-76)/(-18). What is l(c)?
1
Let a(y) = -2*y**3 + 2*y - 4. Suppose 27*c - 2553 = 4*c. Suppose -127 = 8*x - c. Determine a(x).
8
Let n(s) = -s**3 + 6*s**2 + 3*s + 7. Suppose -g + 10 = 4*l, -g - 514*l = -519*l - 1. Determine n(g).
25
Let j(f) = 12*f**2 - f. Suppose -866*y + 849*y = 17. What is j(y)?
13
Let v(r) = -3*r + 5. Let g be v(3). Let n(w) = -w**2 - 4*w + 3. Let b(p) = -6 + 2*p**2 + 0*p + 11*p - 3*p. Let i(z) = 3*b(z) + 7*n(z). Calculate i(g).
3
Let c(d) be the first derivative of 1/3*d**3 + 311 - 3*d + d**2. Calculate c(3).
12
Let c(t) = t**3 + t**2 + 2*t. Suppose 0 = 8*l + 6 - 30. Let w be (10 - 16)/(l/(-4)). Suppose 5*v = v - w. Determine c(v).
-8
Let z = 86899 - 86899. Let s(y) = 6 - 2*y + 0*y - 5 + y**2. What is s(z)?
1
Let f(k) = 3*k - 4. Let c(d) = 2*d - 3. Let g(i) = 4*c(i) - 3*f(i). Let t(p) = p - 13. Let z be t(-5). Let h = 25 + z. Determine g(h).
-7
Let y(j) be the third derivative of -j**4/4 - 31*j**3/3 - 2468*j**2. What is y(-12)?
10
Let a(h) = -20 - 335*h + 178*h + 156*h + 1. Calculate a(-15).
-4
Let i(b) = -48*b**3 + 11*b**2 - 40*b + 16. Let m(s) = -19*s**3 + 5*s**2 - 20*s + 8. Let k(z) = 2*i(z) - 5*m(z). What is k(3)?
-2
Let j(u) = -u**3 - 15*u**2 - 11*u + 48. Let t(i) = -4*i**3 - 52*i**2 - 38*i + 172. Let n(c) = -18*j(c) + 5*t(c). Calculate n(6).
-28
Let b(a) be the first derivative of -3*a**2/2 - a - 11. Let k(d) = 12 + 13*d - 37 - 4*d**2 + 3*d**2. Let q be k(10). Determine b(q).
-16
Let a(o) be the first derivative of -o**5/24 + o**4/24 + 8*o**3/3 - 24. Let i(t) be the third derivative of a(t). Suppose -y - 1 = -0*y. Give i(y).
6
Let n(v) = 14*v**3 + v**2 + v - 1. Let p be 3/(-5) + 90/25. Suppose 3*i + p = 6*i. Calculate n(i).
15
Let y be (-4 + 0)/8*-2. Let i(v) = 0*v - y + 0*v - v + 5*v. Suppose 3*k + 15 = 0, -3*f + 6*f + 3*k + 24 = 0. What is i(f)?
-13
Let m(q) = -q**3 + 7*q**2 - 7*q + 2. Let i be m(6). Let f be ((-6)/i)/((-36)/(-120)). Let k(r) = 2*r**2 - 7*r + 7. What is k(f)?
22
Let t be (0 + 3)/(-6)*2 + -4. Let q be (t/10)/(-5 + 49/10). Let l(y) = -y**2 + 7*y - 2. What is l(q)?
8
Let z = 42 - 29. Suppose -z*t - 22 = -8*t - 2*f, 3*t = 5*f - 17. Let p(y) be the first derivative of -2*y**2 - 3*y - 1. Calculate p(t).
13
Let h(q) = -q**3 - 6*q**2 + 15*q - 6. Let c = -13 - 4. Let m = -25 - c. Let v be h(m). Let j(r) = 4*r - 3. Calculate j(v).
5
Let k(s) = -2*s**2 - 1. Let a(v) = 5*v**2 + 6*v + 6. Let b(i) = a(i) + 2*k(i). Let j be -6 + (3/2 - 3/(-6)). Determine b(j).
-4
Let i(t) = -t**2 - 147*t - 3339. Let h be i(-119). Let s(c) = -c**3 - 9*c**2 - 2*c + 11. What is s(h)?
-73
Let v(o) be the first derivative of o**3/3 + 5*o**2/2 + 5*o - 1689. Determine v(-2).
-1
Let f(a) be the second derivative of -a**5/20 + 11*a**4/12 + 2*a**3 - 3*a**2/2 + a - 985. Calculate f(12).
-3
Let a(i) = 6*i + 1. Let p be a(-1). Suppose 5559 = -109*f + 354 + 845. Let d be (2/(-4))/(p/f). Let c(m) = -m**2 - m + 4. Give c(d).
-8
Let d(p) be the third derivative of -p**5/60 + 5*p**4/8 + 25*p**3/3 + 89*p**2 + 2*p. Give d(18).
-4
Let i(u) = 47764 + u - 47740 - 3*u. Calculate i(-3).
30
Let z be (-111)/148*56/(-21). Let w(u) = 28*u - 54. Determine w(z).
2
Suppose -31*a = 44*a - 450. Let t(i) = i**3 + 32*i**2 - 228*i + 4. Give t(a).
4
Let i = 405 + -397. Let d(t) be the second derivative of -t**4/12 + 3*t**3/2 - 3*t**2 + 72*t + 1. What is d(i)?
2
Let v(n) = -5*n - 2. Let h(y) = -54*y - 14. Let b(t) = h(t) - 11*v(t). Suppose -4*w + 7*w = 15. Suppose 0 = 6*q - w*q. Give b(q).
8
Suppose 15 = 5*l + 2*n, n - 2*n + 12 = 4*l. Suppose 5*d = s + 2*s, l*s = -d. Let o(f) = 22*f - f**2 + d*f**2 - 6 - 12*f. What is o(8)?
10
Let u(d) = -d + 5. Let r = 19 + -7. Suppose c - r = 42. Suppose -c = 3*j - 12*j. Give u(j).
-1
Let h be 46/(-6) - 4/(-6). Le